4*n - 7. Let x(y) = 2*y**2 - 7*y - 4. Let j = -208 + 203. Let p(r) = j*x(r) + 3*q(r). Determine p(-5).
9
Let f(z) = 11*z**2 + 14*z + 21. Let t(b) = -13*b**2 - 15*b - 25. Let n(m) = 6*f(m) + 5*t(m). Determine n(-7).
-13
Let j = 78 - 76. Let g(x) = 8*x**2 - 19*x**2 - 8*x + 5*x**2 + 5*x**j + 2. What is g(-7)?
9
Let y be (-45)/(-55) - -1*(-6)/(-33). Suppose 5 = -w, n + w + 2 = -y. Let q(b) = -b**2 - n*b**2 - 1 + 5*b**2 + 2*b - b**2. What is q(-2)?
-1
Let k(x) = 2*x**2 - 6*x - 33. Let w be k(9). Let l = -69 + w. Let j(z) be the second derivative of z**5/20 - 7*z**4/12 + z**3/6 + 3*z**2 + 4*z. Give j(l).
-24
Let u = -30 + 33. Let c(v) = v - 5. Let f be c(u). Let w(m) = -16*m**2 - 4*m + 3. Let j(a) = -30*a**2 - 7*a + 6. Let x(s) = -6*j(s) + 11*w(s). Calculate x(f).
17
Let u = -377 + 377. Let m(g) = u*g - g + 18 + 11 - 18. Calculate m(5).
6
Let x(k) = -11*k**2 - 2*k + 1. Suppose -18*a + 50 = -58. Suppose -2*r - 4*y + a = 0, 0 = 5*r + 2*y - 3*y - 4. Determine x(r).
-12
Let m = 0 - -3. Let x(t) = -17*t - 52. Let j(y) = -31*y - 95. Let u(o) = -6*j(o) + 11*x(o). Calculate u(m).
-5
Let y(o) = 12*o**3 + 3*o - 7. Let i(s) = 17*s**3 + 4*s - 11. Let x(g) = 5*i(g) - 7*y(g). What is x(0)?
-6
Let m(v) = 134 - 175 + 39 + 9*v. Determine m(-1).
-11
Let p(l) be the first derivative of l**4/4 - 7*l**3/3 + 11*l**2 - 3*l - 652. Give p(5).
57
Let m(c) be the second derivative of c**5/20 - 2*c**4/3 + c**3/3 - 25*c**2/2 - 2354*c. Calculate m(8).
-9
Let v(w) be the first derivative of -2*w**3/3 + 17*w**2 - 22*w - 10405. What is v(16)?
10
Suppose -98*a - 56 = -4*w - 93*a, 4*w + 3*a - 56 = 0. Let s(y) = y**3 - 13*y**2 - 13*y - 5. Calculate s(w).
9
Let d be (-8)/(-10)*(-15)/(-6). Let c(a) = -33 + 12 + 15 + a**2 + 9 - d*a. Let k(z) = z + 10. Let r be k(-6). Give c(r).
11
Let y(h) be the second derivative of h**3/6 - h. Let a(p) = -2*p + 32. Let u be a(16). Suppose -13 - 7 = -k - 3*w, u = 4*k + w - 36. Determine y(k).
8
Let f(d) be the first derivative of d**7/840 - d**6/60 + d**5/24 - d**4/8 - 116*d**3/3 + 112. Let y(l) be the third derivative of f(l). Give y(5).
-3
Let u(p) = 186 - 186 - 5*p. Let v(q) = 4*q. Let y = -4 + 0. Let w(d) = y*v(d) - 3*u(d). Calculate w(7).
-7
Suppose 3 = -4*v + 5*x + 12, -2*v + x - 3 = 0. Let w(c) = -c**3 - 5*c**2 - 2*c + 4. Determine w(v).
-4
Let v(n) = n**3 - n + 1. Let q(d) = d**3 - 11*d**2 - 18*d - 57. Let a(x) = q(x) - 2*v(x). Determine a(-10).
1
Let l(p) = 61*p + 0*p**2 + 40*p - 128*p + 50*p + 8 + 2*p**2. Give l(-11).
-3
Suppose 3*b = -2*t + 22, -5*b + 45 = 5*t - 0*b. Let p(r) = 0 + 2 + 0*r**2 - 69*r - 60*r + 119*r + 5 + r**2. Determine p(t).
-18
Suppose 8*x + 79 + 673 = 0. Let d = -97 - x. Let b(y) = y**3 + 3*y**2 + 3*y + 1. Calculate b(d).
-8
Let p(n) = -n**2 - n - 2. Let f(c) = 2*c**2 + 7*c + 5. Let j(q) = -f(q) - 3*p(q). Let t = -14 - -18. Suppose t*o + 0 - 20 = 0. Determine j(o).
6
Let z be -15 + 15 + (-9)/((-36)/208) + -7. Let c(b) = b**2 - 45*b - 12. Give c(z).
-12
Let u(p) = -p - 21. Let s be ((-48)/64)/((-9)/24). Give u(s).
-23
Let h(y) = -y**2 - 4*y + 35. Let s be h(4). Suppose 0 = s*k + 2*p + 2*p + 53, -5*p = -4*k - 19. Let g(v) = 2 - 2 + 12*v + 0 + 4 + v**2. Give g(k).
-7
Let u(y) = -4*y**2 - y + 4. Suppose 194 = 24*w + 74. Suppose -4 = -w*n + n, -2*n + 4 = -a. What is u(a)?
-10
Let h(s) = -82*s**3 + 12*s**2 - 23*s - 85. Let l(g) = 115*g**3 - 19*g**2 + 34*g + 127. Let v(w) = 7*h(w) + 5*l(w). What is v(9)?
-41
Let w(v) = -v. Let t(k) = -3*k - 3. Let z(d) = -t(d) + w(d). Let a be (-3 + -51)/3*(34 + 616/(-18)). Determine z(a).
11
Let k be 0/2*11/(-66). Let j(x) = 7 - 6*x + 5*x + 2*x**2 - x**2. What is j(k)?
7
Let r = -3517/1740 - -62/29. Let w(s) be the third derivative of 0 + 1/120*s**6 + s**2 - 7/6*s**3 + r*s**5 - 1/3*s**4 + 0*s. Calculate w(-8).
-7
Suppose 8*q - 36 = 4*q. Let t(m) = -m**2 + 8*m**2 - 3*m**2 - 5*m**2 - q*m + 7. Give t(-9).
7
Let x(q) = 6*q**2 - 45*q + 78. Let b be x(5). Let p(v) = 6*v**2 + 3*v + 2. Give p(b).
65
Let z(r) = 2*r**3 + 52*r**2 - 5*r - 123. Let k be z(-26). Let a(s) = -s**2 + 13*s - 32. Give a(k).
10
Let a be (-5)/2*6/(-15). Let p be ((-96)/112)/(a/(-7)). Let n(c) be the first derivative of c**4/4 - 7*c**3/3 + 5*c**2/2 + 3*c - 25. What is n(p)?
-3
Let k(c) = -3*c**3 - 6*c**2 - 7*c - 8. Let y be 3/75*15 - 46/10. What is k(y)?
116
Let w(h) = -h**3 - h**2 + h + 2. Suppose 21*b - 46 - 59 = 0. Let q(v) = v**3 + 2*v**2 - v - 2. Let c(m) = b*w(m) + 4*q(m). Let k = 6 + -4. Give c(k).
8
Let p(w) = 2*w**3 + 217*w**2 - 119*w - 1088. Let t be p(-109). Let i(l) = 0*l + 3*l - 3*l + 3*l. What is i(t)?
6
Suppose -4*s + 7*n + 12 = 4*n, 5*n - 9 = -3*s. Let v(f) = s + 20086*f + 0 - 20087*f. Calculate v(6).
-3
Let f(d) = -22*d + 55. Let n(y) = -5*y + 13. Let h(b) = 2*f(b) - 9*n(b). What is h(-4)?
-11
Let o be 6/(-10) - ((-32)/20)/(-4). Let x(c) = -2*c**3 + 3*c**2 + 4*c + 5. Let z = 3 - 0. Let k(p) = -p**3 + 1. Let h(a) = o*x(a) + z*k(a). Determine h(-2).
2
Let u = 2707 + -2694. Let h(v) = 4*v - 50. Determine h(u).
2
Let m(s) = -11*s + 3. Suppose -y = 2*y + 51. Let d(t) = -31*t + 108*t - 34*t - 1 + 0 - 39*t. Let v(a) = y*d(a) - 6*m(a). Determine v(3).
-7
Suppose 5*f = -3*q - 15, 0 = -0*q - 4*q - f - 3. Suppose q = 4*s + s - r + 30, -3*s = r + 10. Let t(g) = 5 + g**2 - 3*g + g**2 - 3*g**2 - 4. What is t(s)?
-9
Let d(q) = q**2 + 2*q + 1. Suppose 0 = -2*c - 2*y - 2 + 4, 0 = -c + y + 9. Suppose -c*l - 26 = 34. Let h be (-12 - -3)*2/l*-2. What is d(h)?
4
Let v(k) = -k**3 + 3*k**2 + 7*k - 1. Suppose 0 = -4*y + 159 + 53. Suppose -4 = y*n - 54*n. Let m be v(n). Let p(b) = 2*b - 16. Determine p(m).
6
Let k be (-1)/(-9) - (-132)/27. Suppose 3*x = -3*m + 5*x + 4, 0 = -k*m - 3*x + 32. Let y(o) = o - 2. Give y(m).
2
Let o(j) = -j**3 + 63*j**2 - 118*j - 236. Suppose -1010 = -142*w + 7652. What is o(w)?
8
Let f(j) = 14*j + 1. Let h(p) = 2*p**2 - 71*p - 8. Let o(s) = -5*f(s) - h(s). Let y(l) = l**2 + 3. Let i be y(0). Determine o(i).
-12
Let h(o) = o**3 + 5*o**2 + 4*o. Suppose 0*k - 924 = 6*k. Let m = -158 - k. Determine h(m).
0
Let u(k) be the third derivative of -k**4/3 - 5*k**3/6 - 49*k**2. What is u(-2)?
11
Let x(a) = 26*a - 30. Let p = -7844 + 7846. What is x(p)?
22
Let z(d) = d**2 - 5*d - 62. Suppose -8*i - 10990 = -11078. Give z(i).
4
Let h(r) = -71*r**3 - 21*r**2 + 26*r - 10. Let j(y) = 14*y**3 + 4*y**2 - 5*y + 2. Let c(f) = 2*h(f) + 11*j(f). What is c(-2)?
-80
Let t(c) = c**2 - c - 2. Let w(b) = 2*b**2 + 22*b + 23. Let q be w(-10). Let y be 5 + q/(-3) - -43. Let r = y - 49. Determine t(r).
4
Let l(o) = 2*o**2 + 3*o + 4. Let w(g) = -g**2 + 9*g + 5. Let y = 49 - 40. Let b be w(y). Suppose 4*v = -5*h - 3, -5*h + 2*h = b*v - 6. Determine l(h).
13
Suppose -5*x + 9 = -8*x. Let y be x*(-2)/(-6)*0 - -3. Let i(u) = u**2 - 3*u + 3. What is i(y)?
3
Let v(g) = -2*g**2 - g + 2. Let t = 246 + -248. Let j be (28/42)/(t/9). Give v(j).
-13
Let z(l) = l**3 + 9*l**2 + 9*l - 10. Let k = 136 + -130. Suppose -x = 2 + k. Give z(x).
-18
Let b be (-2)/(-4)*0/(-1). Let j(m) be the first derivative of m**3/3 + m**2/2 + 6*m + 12165. Give j(b).
6
Let k(c) = c**2 - 8*c + 6. Let l(n) = 3*n + 2*n**2 - n**2 + 2 - 5 - 1. Let p be l(-3). Let a be -4*(-4 - (p - -2)). Determine k(a).
6
Suppose 57*s = 90 + 81. Let f(x) = 10*x - 8. Calculate f(s).
22
Let r(c) = 2*c**2 + 3*c - 2. Let g be (-1)/(141/(-18) - -8) + 7. What is r(g)?
3
Let k(u) = -16*u + 73. Suppose 220*j - 402 = 153*j. Determine k(j).
-23
Let w(h) = -5*h**2 + 56*h + 51. Let m(f) = 9*f**2 - 105*f - 101. Let c(q) = -6*m(q) - 11*w(q). What is c(-8)?
-3
Suppose 10*y = 9*y, -5*m = 4*y - 115. Suppose -8 = -3*v + 5*q, 5*v + 22*q - 28 = m*q. Let h(a) = a**3 - 6*a**2 + a - 3. Give h(v).
3
Let o(r) = r**3 + 4*r**2 - 5*r + 6. Suppose -2*n - 597 = -5*l, -n - 2*l + 4*l - 299 = 0. Let m = 296 + n. Calculate o(m).
6
Let y(n) = n**3 + 2*n**2 + 2*n + 5. Let w(t) = -3*t**3 + 19*t**2 + 13*t + 5. Let d be w(7). What is y(d)?
1
Let c(y) = 73*y**2 + 18*y - 14*y - 15*y - 74*y**2 - 144 - 16*y. What is c(-20)?
-4
Suppose 0 = 5*k + 3*c - 23, c = -k - 0*c + 5. Suppose 26 = k*g + 2. Let l(t) = t + 3 + g - 13 + 5 - 12*t**2. What is l(-1)?
-12
Let v(x) = -4*x**2 - 8*x - 9. Let c(g) = -5*g**2 - 8*g - 9. Let o(r) = 5*c(r) - 6*v(r). Suppose -35*t - 19 + 204 + 95 = 0. What is o(t)?
9
Let p(z) be the first derivative of -z**6/40 + z**5/60